1100111111111
In base 11, what is 55 + -60a?
-565
In base 2, what is 1000 - -1000101011110101?
1000101011111101
In base 3, what is 12121210 + 102020?
20001000
In base 16, what is 20 + -3717?
-36f7
In base 8, what is 12 + 3721?
3733
In base 14, what is 5 + 6464?
6469
In base 5, what is -1433 + 30432?
23444
In base 13, what is 40 - 1a?
23
In base 14, what is 656 - -5a?
6b2
In base 16, what is -b - 4d9?
-4e4
In base 9, what is -1273 - -17?
-1255
In base 14, what is 1 - -4128?
4129
In base 10, what is 104942 - 5?
104937
In base 12, what is -5 - -27827?
27822
In base 7, what is 1512315 + -4?
1512311
In base 5, what is 4 + -430114?
-430110
In base 8, what is -23 - -66744?
66721
In base 13, what is -11 - -4b0a?
4ac9
In base 10, what is 1779 + 8?
1787
In base 13, what is -1 + -2a254?
-2a255
In base 3, what is -1010001 + -102101?
-1112102
In base 15, what is 174 - 296?
-122
In base 12, what is 317 - -41?
358
In base 14, what is -30 + -3d81?
-3db1
In base 7, what is -46 + -2135?
-2214
In base 16, what is 1f2 - -952?
b44
In base 9, what is 36 + 2118?
2155
In base 12, what is -2 - 45212?
-45214
In base 2, what is -1111001000110100110 - 101?
-1111001000110101011
In base 3, what is -1 - -12211120220?
12211120212
In base 10, what is -17 - 60560?
-60577
In base 9, what is -172 + -661?
-843
In base 7, what is -5 + 2016552?
2016544
In base 10, what is 206912 - -3?
206915
In base 7, what is 5 + -430326?
-430321
In base 15, what is 1c - 1a397?
-1a37a
In base 3, what is 10 + -20202022?
-20202012
In base 13, what is 3516 + -19?
34ca
In base 4, what is 2223 - 100230?
-32001
In base 9, what is -2 - -20464?
20462
In base 15, what is -664730 + -2?
-664732
In base 4, what is 2112221 - -11?
2112232
In base 3, what is -12 - -2011001202?
2011001120
In base 8, what is -1341372 + 5?
-1341365
In base 7, what is -2143 - 32?
-2205
In base 15, what is -17bc + -5c3?
-1d90
In base 14, what is -1cc7a + -1?
-1cc7b
In base 13, what is -a + 8ca0?
8c93
In base 16, what is 755d9 + -7?
755d2
In base 9, what is -576 - 65?
-652
In base 4, what is -10233030 + 101?
-10232323
In base 8, what is 10 - 10663?
-10653
In base 12, what is -b0b8 + -8?
-b104
In base 8, what is -3 - -320320?
320315
In base 2, what is 10110 + 10011010100000?
10011010110110
In base 9, what is 4 - -358?
363
In base 15, what is -195cd + -3?
-195d1
In base 2, what is 1101101 + 1010110101100?
1011000011001
In base 9, what is -1628 + 54?
-1564
In base 16, what is -2218a + 2?
-22188
In base 5, what is -10144 + 104?
-10040
In base 10, what is -1246 + 132?
-1114
In base 5, what is -10 - -30433412?
30433402
In base 13, what is 2 + -1225?
-1223
In base 14, what is 1 + 46a6?
46a7
In base 8, what is -6 + -10351?
-10357
In base 5, what is -2 + 440204?
440202
In base 15, what is -9e88e + -5?
-9e894
In base 15, what is -69 + 522?
4a8
In base 13, what is c5 + -302?
-20a
In base 16, what is 20fa - 7?
20f3
In base 7, what is 0 + -421124?
-421124
In base 15, what is -39a7 + 47?
-3960
In base 13, what is -513 + 362?
-181
In base 3, what is 11221 + -1?
11220
In base 3, what is -11 - -122210020021?
122210020010
In base 9, what is -46 + 10232?
10175
In base 13, what is 7869 - 3?
7866
In base 3, what is 10 + -101001010?
-101001000
In base 8, what is -10302 - -51?
-10231
In base 4, what is 2113 + -2222032?
-2213313
In base 10, what is 0 - 70025?
-70025
In base 11, what is 56a7a - -17?
56a96
In base 14, what is 58c - -26?
5b4
In base 3, what is -10 + 102022122210?
102022122200
In base 8, what is -247357 + 2?
-247355
In base 13, what is -44351 - 5?
-44356
In base 11, what is -5 - -7a62?
7a58
In base 6, what is -5 + -4410234?
-4410243
In base 6, what is 1505 - 110?
1355
In base 7, what is 66 + -444?
-345
In base 15, what is -33d2 - -1?
-33d1
In base 15, what is 11b + -6cd?
-5b2
In base 8, what is -112 - -331?
217
In base 4, what is 12211 + -13122?
-311
In base 10, what is -1340 + 4563?
3223
In base 5, what is 1404 + -111?
1243
In base 4, what is 11 - -20033010?
20033021
In base 13, what is -520 + -222?
-742
In base 12, what is -b47639 - 2?
-b4763b
In base 11, what is -4 + -278aa?
-27903
In base 14, what is -48 - 36db?
-3745
In base 3, what is 1121201 - -202?
1122110
In base 16, what is -808 + 37c?
-48c
In base 12, what is -44 + 3aba?
3a76
In base 2, what is -101100001111110 - 1?
-101100001111111
In base 13, what is -67641 - -5?
-67639
In base 8, what is -27 + 50034?
50005
In base 11, what is -2 - -31a41?
31a3a
In base 2, what is 111101 + -1000100101111001?
-1000100100111100
In base 13, what is -84 + 2455?
23a1
In base 2, what is -100110001010011110 - 100?
-100110001010100010
In base 10, what is -2223 - -77?
-2146
In base 4, what is -2023 - -1311323?
1303300
In base 16, what is -7809 + 0?
-7809
In base 7, what is 1065 + -1154?
-56
In base 8, what is -653 + 1122?
247
In base 6, what is -4 - 1154051?
-1154055
In base 9, what is -283 - 180?
-473
In base 16, what is 1dc05 + -1?
1dc04
In base 10, what is 481 - 19?
462
In base 2, what is 1111 + 11100000100?
11100010011
In base 6, what is -251 - 4122?
-4413
In base 12, what is 59 - 247?
-1aa
In base 14, what is -4 + 1a06a?
1a066
In base 11, what is -19 + -18907?
-18925
In base 12, what is 5a704 + -3?
5a701
In base 12, what is -6 + 3761?
3757
In base 7, what is -36506 + 5?
-36501
In base 13, what is -1721 + -10?
-1731
In base 15, what is -39c + -72?
-41e
In base 6, what is 1 + 45124?
45125
In base 9, what is -145 + 3685?
3540
In base 3, what is 21102200102 - 10?
21102200022
In base 2, what is 10111010 - -1001101011?
1100100101
In base 6, what is 0 + 2053321?
2053321
In base 9, what is -186121 + 13?
-186107
In base 16, what is -36 - -1ab4?
1a7e
In base 11, what is 7a59 + -373?
7696
In base 3, what is 2000220011 - 2?
2000220002
In base 2, what is -10001010010 - -1010?
-10001001000
In base 8, what is -321 - 1302?
-1623
In base 15, what is 2 + -4a58?
-4a56
In base 7, what is -55506 + 10?
-55466
In base 4, what is -3230001 - -1012?
-3222323
In base 16, what is 5 + -2007?
-2002
In base 16, what is -1542 - -144?
-13fe
In base 10, what is -12267548 + 0?
-12267548
In base 15, what is -4 - -3322b?
33227
In base 11, what is -4679 + 4?
-4675
In base 6, what is 132 + -52043?
-51511
In base 8, what is -4 - 17660?
-17664
In base 11, what is 4 + 9766?
976a
In base 15, what is 1 - 58dbd?
-58dbc
In base 2, what is 10000111010 + -1000111011?
111111111
In base 2, what is -101000111 + 1000010?
-100000101
In base 16, what is b + -103e?
-1033
In base 12, what is 14012 - 1?
14011
In base 11, what is 32804 - 2?
32802
In base 5, what is 340 - 3144?
-2304
In base 11, what is -1346 + -14a1?
-2837
In base 3, what is 2 + -11122021211?
-11122021202
In base 2, what is -1000111011000 - -100?
-1000111010100
In base 11, what is -1568 + 15?
-1553
In base 7, what is 13655020 + 4?
13655024
In base 9, what is 1447 + 13?
1461
In base 2, what is -1101101110100 - -100110?
-1101101001110
In base 2, what is 101011111 + 111000011001?
111101111000
In base 3, what is -120222 + -10002101?
-10200100
In base 7, what is 51403 + 24?
51430
In base 15, what is -4 - -2c4c?
2c48
In base 7, what is 0 + 545422?
545422
In base 2, what is -11110100000001 - -100?
-11110011111101
In base 13, what is -1a - -489?
46c
In base 4, what is 1310322 - 0?
1310322
In base 7, what is -10231 - 12?
-10243
In base 16, what is b086f - -4?
b0873
In base 7, what is 244 + -225?
16
In base 11, what is -4 - -38249?
38245
In base 16, what is -b970 - -7?
-b969
In base 12, what is 24 + -1980?
-1958
In base 6, what is -4 - -113322?
113314
In base 16, what is 5 - 24cd6?
-24cd1
In base 6, what is -14 + -421523?
-421541
In base 13, what is -6bb6c7 - 4?
-6bb6cb
In base 4, what is 23202023202 + 1?
23202023203
In base 5, what is -12342 + -1130?
-14022
In base 6, what is 20333 + 10?
20343
In base 13, what is -5 + 2375?
2370
In base 8, what is 43631 - -3?
43634
In base 16, what is -3ca + -ec?
-4b6
In base 11, what is -3 + -5a8453?
-5a8456
In base 14, what is -3baa - -1?
-3ba9
In base 3, what is -1 + 1001010111?
1001010110
In base 2, what is -101101111 - -1000000?
-100101111
In base 8, what is -1137443 - 2?
-1137445
In base 4, what is -203 - -1210?
1001
In base 2, what is 1101110100111110 + -11110?
1101110100100000
In base 8, what is -13705 + 0?
-13705
In base 7, what is -22 + 560322?
560300
In